{"id":3825,"date":"2019-07-30T08:13:39","date_gmt":"2019-07-30T06:13:39","guid":{"rendered":"https:\/\/www.selbstbau-fertighaus.at\/wp24\/?post_type=product&#038;p=3825"},"modified":"2025-01-20T20:37:17","modified_gmt":"2025-01-20T19:37:17","slug":"material-fuer-innen-geliefert-190-optional","status":"publish","type":"product","link":"https:\/\/www.selbstbau-fertighaus.at\/wp24\/product\/material-fuer-innen-geliefert-190-optional\/","title":{"rendered":"2.1.) Aufpreis Material f\u00fcr Innen -190 (optional)"},"content":{"rendered":"<p>test<\/p>\n","protected":false},"excerpt":{"rendered":"<p><strong>unabgeladen auf die Baustelle geliefert!<br \/><\/strong><strong> beinhaltet f\u00fcr diesen Haustyp:<\/strong><\/p>\n<ul>\n<li><strong>komplettes Innenausbaumaterial zur fertigen Herstellung:<\/strong> f\u00fcr Au\u00dfen- Innenw\u00e4nde, Decken und Dach (Steil- od. Flachdach) bestehend aus gesamter D\u00e4mmung, OSB-Platten, Holzschalung, Lattungen f\u00fcr Installationsebene, Aufdoppelungen etc., Sparschalung, Dampfbrems- Dampfsperrfolien und Gipskartonplatten.<\/li>\n<li><strong>Gesamtes Befestigungsmaterial<\/strong> und Klebeb\u00e4nder sowie der Folien inklusive.<\/li>\n<\/ul>\n<p><strong>Eine detaillierte Materialliste f\u00fcr dieses Haus ist auf Anfrage erh\u00e4ltlich.<br \/>Preis auf Anfrage<\/strong><\/p>\n","protected":false},"featured_media":4024,"template":"","meta":[],"_links":{"self":[{"href":"https:\/\/www.selbstbau-fertighaus.at\/wp24\/wp-json\/wp\/v2\/product\/3825"}],"collection":[{"href":"https:\/\/www.selbstbau-fertighaus.at\/wp24\/wp-json\/wp\/v2\/product"}],"about":[{"href":"https:\/\/www.selbstbau-fertighaus.at\/wp24\/wp-json\/wp\/v2\/types\/product"}],"wp:featuredmedia":[{"embeddable":true,"href":"https:\/\/www.selbstbau-fertighaus.at\/wp24\/wp-json\/wp\/v2\/media\/4024"}],"wp:attachment":[{"href":"https:\/\/www.selbstbau-fertighaus.at\/wp24\/wp-json\/wp\/v2\/media?parent=3825"}],"curies":[{"name":"wp","href":"https:\/\/api.w.org\/{rel}","templated":true}]}}