{"id":4276,"date":"2019-08-22T06:41:33","date_gmt":"2019-08-22T04:41:33","guid":{"rendered":"https:\/\/www.selbstbau-fertighaus.at\/wp24\/?post_type=product&#038;p=4276"},"modified":"2019-11-04T18:47:52","modified_gmt":"2019-11-04T17:47:52","slug":"2-2-planunterlagen-erforderlich-fuer-die-einreichplanung-kopie-digital-digital","status":"publish","type":"product","link":"https:\/\/www.selbstbau-fertighaus.at\/wp24\/product\/2-2-planunterlagen-erforderlich-fuer-die-einreichplanung-kopie-digital-digital\/","title":{"rendered":"1.1.) Montagehilfe beim Aufbau vor Ort (optional)"},"content":{"rendered":"","protected":false},"excerpt":{"rendered":"<p><strong>beinhaltet f\u00fcr diesen Haustyp:<\/strong><\/p>\n<ul>\n<li>2 Facharbeiter von uns mit entsprechendem Werkzeug als Montagehilfe Ihnen beigestellt. (55\u20ac netto\/Std.\/Arbeiter).<\/li>\n<li>An- und Abreise (1,8\u20ac netto\/gef. km).<\/li>\n<li>Unterkunft wenn n\u00f6tig sollte von Ihnen bereitgestellt werden.<\/li>\n<li>Sie bestimmen wie lange Sie unsere Hilfe in Anspruch nehmen. Abgerechnet wird nach tats\u00e4chlichem Aufwand.<\/li>\n<li>Kran sollte bauseits vorhanden sein.<\/li>\n<\/ul>\n<p><strong>Falls Sie unsere Mithilfe in Anspruch nehmen, w\u00e4re es ideal wenn Sie noch mindestens 2. Helfer bauseits beistellen k\u00f6nnen. <\/strong><\/p>\n<p><strong>Im Durchschnitt ben\u00f6tigt man mit vier Mann eine Woche Montagezeit vor Ort w<\/strong><strong>obei die ersten 2. bis 3. Arbeitstage die W\u00e4nde vor Ort auf der Bodenplatte\/Decke zusammengebaut werden und am 4. bis zum 6. Tag das CNC Bausatz System Haus aufgerichtet und fertig montiert wird.<br \/>\nAm 4. bis zum 6. Tag wird der Kran daf\u00fcr bauseits ben\u00f6tigt. <\/strong><\/p>\n<p><strong>Wir empfehlen das &#8220;3.1. Material Au\u00dfen&#8221; Paket gleich mitzubestellen, dann k\u00f6nnen diese Materialien bei Montage ohne gr\u00f6\u00dferen Aufwand gleich mitverbaut werden. <\/strong><\/p>\n<p><strong>Wegen einer Terminvereinbarung werden wir Sie umgehend kontaktieren um die weiteren Details besprechen zu k\u00f6nnen. <\/strong><\/p>\n","protected":false},"featured_media":4277,"template":"","meta":[],"_links":{"self":[{"href":"https:\/\/www.selbstbau-fertighaus.at\/wp24\/wp-json\/wp\/v2\/product\/4276"}],"collection":[{"href":"https:\/\/www.selbstbau-fertighaus.at\/wp24\/wp-json\/wp\/v2\/product"}],"about":[{"href":"https:\/\/www.selbstbau-fertighaus.at\/wp24\/wp-json\/wp\/v2\/types\/product"}],"wp:featuredmedia":[{"embeddable":true,"href":"https:\/\/www.selbstbau-fertighaus.at\/wp24\/wp-json\/wp\/v2\/media\/4277"}],"wp:attachment":[{"href":"https:\/\/www.selbstbau-fertighaus.at\/wp24\/wp-json\/wp\/v2\/media?parent=4276"}],"curies":[{"name":"wp","href":"https:\/\/api.w.org\/{rel}","templated":true}]}}